{"id":4,"date":"2012-01-12T17:12:03","date_gmt":"2012-01-12T16:12:03","guid":{"rendered":"http:\/\/virtova.cz\/?page_id=4"},"modified":"2014-02-07T12:55:31","modified_gmt":"2014-02-07T11:55:31","slug":"kontakt","status":"publish","type":"page","link":"https:\/\/virtova.cz\/?page_id=4","title":{"rendered":"Kontakt"},"content":{"rendered":"<p>Irenea Virtov\u00e1<\/p>\n<p>Pracovn\u00ed doba Po -P\u00e1 po dohod\u011b mezi 10 &#8211; 19<\/p>\n<p>Tel.: 603 364 486<\/p>\n<p>Tel.: 222 363 300<\/p>\n<p>E-mail: virtova@virtova.cz<\/p>\n<p>Kancel\u00e1\u0159 v Praze, Pod\u011bbradsk\u00e1 777\/9, nov\u00fd komplex Harfa<\/p>\n<p>Nad podlahov\u00fdm studiem Barkotex 3.patro, vchod z Pod\u011bbradsk\u00e9<\/p>\n<p>Pohodln\u00e9 parkov\u00e1n\u00ed<\/p>\n<p><a title=\"Mapy Google\" href=\"http:\/\/maps.google.cz\/maps?q=Pod%C4%9Bbradsk%C3%A1+777,+Praha-Praha+14&amp;hl=cs&amp;ie=UTF8&amp;ll=50.101629,14.509571&amp;spn=0.015415,0.046756&amp;sll=50.050085,15.369873&amp;sspn=5.721798,14.27124&amp;oq=pod%C4%9Bbradsk%C3%A1+777&amp;brcurrent=5,0,0&amp;hnear=Pod%C4%9Bbradsk%C3%A1+777%2F9d,+190+00+Praha&amp;t=m&amp;layer=c&amp;cbll=50.102465,14.508366&amp;panoid=71G_hSoZAqJZKoHciVX5sA&amp;cbp=12,3.44,,1,5.63&amp;z=16\" target=\"_blank\">Odkaz na mapy Google<\/a><\/p>\n<p><a title=\"Mapy Google\" href=\"http:\/\/maps.google.cz\/maps?q=Pod%C4%9Bbradsk%C3%A1+777,+Praha-Praha+14&amp;hl=cs&amp;ie=UTF8&amp;ll=50.101629,14.509571&amp;spn=0.015415,0.046756&amp;sll=50.050085,15.369873&amp;sspn=5.721798,14.27124&amp;oq=pod%C4%9Bbradsk%C3%A1+777&amp;brcurrent=5,0,0&amp;hnear=Pod%C4%9Bbradsk%C3%A1+777%2F9d,+190+00+Praha&amp;t=m&amp;layer=c&amp;cbll=50.102465,14.508366&amp;panoid=71G_hSoZAqJZKoHciVX5sA&amp;cbp=12,3.44,,1,5.63&amp;z=16\" target=\"_blank\"><img src=\"http:\/\/virtova.cz\/wp-content\/uploads\/2013\/03\/vchod.jpg\" alt=\"Vchod kancel\u00e1\u0159\" \/><\/a><\/p>\n","protected":false},"excerpt":{"rendered":"<p>Irenea Virtov\u00e1 Pracovn\u00ed doba Po -P\u00e1 po dohod\u011b mezi 10 &#8211; 19 Tel.: 603 364 486 Tel.: 222 363 300 E-mail: virtova@virtova.cz Kancel\u00e1\u0159 v Praze, Pod\u011bbradsk\u00e1 777\/9, nov\u00fd komplex Harfa Nad podlahov\u00fdm studiem Barkotex 3.patro, vchod z Pod\u011bbradsk\u00e9 Pohodln\u00e9 parkov\u00e1n\u00ed &hellip; <a href=\"https:\/\/virtova.cz\/?page_id=4\">Cel\u00fd p\u0159\u00edsp\u011bvek <span class=\"meta-nav\">&rarr;<\/span><\/a><\/p>\n","protected":false},"author":1,"featured_media":0,"parent":0,"menu_order":0,"comment_status":"open","ping_status":"open","template":"","meta":{"ngg_post_thumbnail":0},"_links":{"self":[{"href":"https:\/\/virtova.cz\/index.php?rest_route=\/wp\/v2\/pages\/4"}],"collection":[{"href":"https:\/\/virtova.cz\/index.php?rest_route=\/wp\/v2\/pages"}],"about":[{"href":"https:\/\/virtova.cz\/index.php?rest_route=\/wp\/v2\/types\/page"}],"author":[{"embeddable":true,"href":"https:\/\/virtova.cz\/index.php?rest_route=\/wp\/v2\/users\/1"}],"replies":[{"embeddable":true,"href":"https:\/\/virtova.cz\/index.php?rest_route=%2Fwp%2Fv2%2Fcomments&post=4"}],"version-history":[{"count":14,"href":"https:\/\/virtova.cz\/index.php?rest_route=\/wp\/v2\/pages\/4\/revisions"}],"predecessor-version":[{"id":11,"href":"https:\/\/virtova.cz\/index.php?rest_route=\/wp\/v2\/pages\/4\/revisions\/11"}],"wp:attachment":[{"href":"https:\/\/virtova.cz\/index.php?rest_route=%2Fwp%2Fv2%2Fmedia&parent=4"}],"curies":[{"name":"wp","href":"https:\/\/api.w.org\/{rel}","templated":true}]}}